{"id":27,"date":"2022-05-08T16:19:54","date_gmt":"2022-05-08T16:19:54","guid":{"rendered":"https:\/\/faire-milch.ch\/wordpress\/?page_id=27"},"modified":"2022-09-22T07:56:01","modified_gmt":"2022-09-22T07:56:01","slug":"wir-sind-nicht-allein","status":"publish","type":"page","link":"https:\/\/new.faire-milch.ch\/wordpress\/index.php\/wir-sind-nicht-allein\/","title":{"rendered":"Verb\u00fcndete"},"content":{"rendered":"\n<p>Auch in anderen L\u00e4ndern in Europa setzen sich die Milchproduzenten f\u00fcr einen fairen Milchpreis ein! Das European Milk Board ist eine Interessensvertretung f\u00fcr Milcherzeuger in Europa. Der Verband hat Mitglieder in 14 europ\u00e4ischen L\u00e4ndern und repr\u00e4sentiert somit etwa 100.000 Milcherzeuger. Er steht f\u00fcr eine zukunftsorientierte, nachhaltige Milcherzeugung in allen Regionen Europas, die es den B\u00e4uerinnen und Bauern erm\u00f6glicht, w\u00fcrdevoll von ihrer Arbeit zu leben. Grundvoraussetzung hierf\u00fcr ist ein Milchpreis, der die durchschnittlichen Kosten der Milcherzeugung deckt.<\/p>\n\n\n\n<p><a href=\"https:\/\/www.europeanmilkboard.org\/de\/special-content\/die-faire-milch.html\">https:\/\/www.europeanmilkboard.org\/de\/special-content\/die-faire-milch.html<\/a><\/p>\n\n\n\n<figure class=\"wp-block-image size-full\"><img loading=\"lazy\" decoding=\"async\" width=\"900\" height=\"413\" src=\"https:\/\/faire-milch.ch\/wordpress\/wp-content\/uploads\/2022\/09\/csm__Banner_EMB_Fair_Milk_Family_1000x458px_2106_237caf0b7d.jpeg\" alt=\"\" class=\"wp-image-159\" srcset=\"https:\/\/new.faire-milch.ch\/wordpress\/wp-content\/uploads\/2022\/09\/csm__Banner_EMB_Fair_Milk_Family_1000x458px_2106_237caf0b7d.jpeg 900w, https:\/\/new.faire-milch.ch\/wordpress\/wp-content\/uploads\/2022\/09\/csm__Banner_EMB_Fair_Milk_Family_1000x458px_2106_237caf0b7d-300x138.jpeg 300w, https:\/\/new.faire-milch.ch\/wordpress\/wp-content\/uploads\/2022\/09\/csm__Banner_EMB_Fair_Milk_Family_1000x458px_2106_237caf0b7d-768x352.jpeg 768w\" sizes=\"auto, (max-width: 767px) 89vw, (max-width: 1000px) 54vw, (max-width: 1071px) 543px, 580px\" \/><\/figure>\n","protected":false},"excerpt":{"rendered":"<p>Auch in anderen L\u00e4ndern in Europa setzen sich die Milchproduzenten f\u00fcr einen fairen Milchpreis ein! Das European Milk Board ist eine Interessensvertretung f\u00fcr Milcherzeuger in Europa. Der Verband hat Mitglieder in 14 europ\u00e4ischen L\u00e4ndern und repr\u00e4sentiert somit etwa 100.000 Milcherzeuger. Er steht f\u00fcr eine zukunftsorientierte, nachhaltige Milcherzeugung in allen Regionen Europas, die es den B\u00e4uerinnen &hellip; <\/p>\n<p class=\"link-more\"><a href=\"https:\/\/new.faire-milch.ch\/wordpress\/index.php\/wir-sind-nicht-allein\/\" class=\"more-link\"><span class=\"screen-reader-text\">\u201eVerb\u00fcndete\u201c <\/span>weiterlesen<\/a><\/p>\n","protected":false},"author":1,"featured_media":0,"parent":0,"menu_order":0,"comment_status":"closed","ping_status":"closed","template":"","meta":{"footnotes":""},"class_list":["post-27","page","type-page","status-publish","hentry"],"_links":{"self":[{"href":"https:\/\/new.faire-milch.ch\/wordpress\/index.php\/wp-json\/wp\/v2\/pages\/27","targetHints":{"allow":["GET"]}}],"collection":[{"href":"https:\/\/new.faire-milch.ch\/wordpress\/index.php\/wp-json\/wp\/v2\/pages"}],"about":[{"href":"https:\/\/new.faire-milch.ch\/wordpress\/index.php\/wp-json\/wp\/v2\/types\/page"}],"author":[{"embeddable":true,"href":"https:\/\/new.faire-milch.ch\/wordpress\/index.php\/wp-json\/wp\/v2\/users\/1"}],"replies":[{"embeddable":true,"href":"https:\/\/new.faire-milch.ch\/wordpress\/index.php\/wp-json\/wp\/v2\/comments?post=27"}],"version-history":[{"count":5,"href":"https:\/\/new.faire-milch.ch\/wordpress\/index.php\/wp-json\/wp\/v2\/pages\/27\/revisions"}],"predecessor-version":[{"id":160,"href":"https:\/\/new.faire-milch.ch\/wordpress\/index.php\/wp-json\/wp\/v2\/pages\/27\/revisions\/160"}],"wp:attachment":[{"href":"https:\/\/new.faire-milch.ch\/wordpress\/index.php\/wp-json\/wp\/v2\/media?parent=27"}],"curies":[{"name":"wp","href":"https:\/\/api.w.org\/{rel}","templated":true}]}}

Verbündete

<p>Auch in anderen Ländern in Europa setzen sich die Milchproduzenten für einen fairen Milchpreis ein! Das European Milk Board ist eine Interessensvertretung für Milcherzeuger in Europa. Der Verband hat Mitglieder in 14 europäischen Ländern und repräsentiert somit etwa 100.000 Milcherzeuger. Er steht für eine zukunftsorientierte, nachhaltige Milcherzeugung in allen Regionen Europas, die es den Bäuerinnen und Bauern ermöglicht, würdevoll von ihrer Arbeit zu leben. Grundvoraussetzung hierfür ist ein Milchpreis, der die durchschnittlichen Kosten der Milcherzeugung deckt.</p>



<p><a href="https://www.europeanmilkboard.org/de/special-content/die-faire-milch.html">https://www.europeanmilkboard.org/de/special-content/die-faire-milch.html</a></p>



<figure class="wp-block-image size-full"><img loading="lazy" decoding="async" width="900" height="413" src="https://faire-milch.ch/wordpress/wp-content/uploads/2022/09/csm__Banner_EMB_Fair_Milk_Family_1000x458px_2106_237caf0b7d.jpeg" alt="" class="wp-image-159" srcset="https://new.faire-milch.ch/wordpress/wp-content/uploads/2022/09/csm__Banner_EMB_Fair_Milk_Family_1000x458px_2106_237caf0b7d.jpeg 900w, https://new.faire-milch.ch/wordpress/wp-content/uploads/2022/09/csm__Banner_EMB_Fair_Milk_Family_1000x458px_2106_237caf0b7d-300x138.jpeg 300w, https://new.faire-milch.ch/wordpress/wp-content/uploads/2022/09/csm__Banner_EMB_Fair_Milk_Family_1000x458px_2106_237caf0b7d-768x352.jpeg 768w" sizes="auto, (max-width: 767px) 89vw, (max-width: 1000px) 54vw, (max-width: 1071px) 543px, 580px" /></figure>

<p>Auch in anderen Ländern in Europa setzen sich die Milchproduzenten für einen fairen Milchpreis ein! Das European Milk Board ist eine Interessensvertretung für Milcherzeuger in Europa. Der Verband hat Mitglieder in 14 europäischen Ländern und repräsentiert somit etwa 100.000 Milcherzeuger. Er steht für eine zukunftsorientierte, nachhaltige Milcherzeugung in allen Regionen Europas, die es den Bäuerinnen &hellip; </p>
<p class="link-more"><a href="https://new.faire-milch.ch/wordpress/index.php/wir-sind-nicht-allein/" class="more-link"><span class="screen-reader-text">„Verbündete“ </span>weiterlesen</a></p>
